. Let j be -4*1 + -2 + 1. Let p be v(j). Calculate the greatest common divisor of p and 13.
13
Let w = 137 + -53. Suppose 31 = 4*b + 4*y - 9, -b = -5*y - 22. What is the highest common divisor of w and b?
12
Let h = 21 - 18. Let d(t) = -3*t**3 - 2*t**2 + t. Let o be d(-2). Suppose -4*a - 15 = -f + o, -a - h = 0. Calculate the highest common divisor of f and 136.
17
Suppose 0 = -5*q + 25 + 10. Calculate the greatest common divisor of q and 28.
7
Let b be 8/(-10)*5/(-2). Let q = b - -22. What is the highest common factor of q and 16?
8
Let w be -1*(-3)/(3/11). Suppose -b = -0*b - w. What is the highest common divisor of 22 and b?
11
Let k(o) = -o**2 - 5*o + 8. Let x be k(-6). Suppose 2*i = -3*i + 130. Suppose i*l - 15 = 21*l. Calculate the greatest common factor of x and l.
1
Let f be ((-12)/15)/(2/(-10)). Suppose -22 = -f*o + 10. What is the greatest common factor of o and 4?
4
Let l(y) = -y**2 - 18*y - 23. Let a be l(-15). Calculate the greatest common divisor of a and 33.
11
Let w = -45 - -49. Calculate the greatest common divisor of w and 10.
2
Suppose -5*q + 173 = -127. What is the highest common divisor of 24 and q?
12
Let q = 16 - 14. Suppose 39 + 87 = q*k. Calculate the greatest common factor of 7 and k.
7
Let k(q) = -5*q - 5. Suppose 3*s + 3 = -0*s. Let u(n) = -6*n**2 - 2*n - 1. Let h be u(s). Let p be k(h). What is the highest common divisor of 2 and p?
2
Let h(r) be the first derivative of 1 + 0*r + 15/2*r**2. Let l be h(3). Calculate the greatest common factor of 9 and l.
9
Let s be (5/2)/(1/2). Let c = -103 + 93. Let t = s - c. What is the highest common divisor of t and 3?
3
Suppose 28*p - 29*p = -85. Calculate the highest common factor of p and 34.
17
Let z(w) = 2*w**3 + w**2. Let h be z(1). Let d be 15 + 8/(-2) + 3 + -8. Calculate the greatest common factor of d and h.
3
Let x = -24 + 25. Calculate the highest common divisor of 9 and x.
1
Suppose k = -0 + 2. Let n = k + 12. What is the highest common factor of n and 154?
14
Let t = 22 + -14. What is the highest common divisor of 32 and t?
8
Suppose 0 = -2*k - 3*k + 1080. Calculate the highest common factor of 24 and k.
24
Suppose -2*y + 60 = -2*t, 72 = 2*y - 2*t - 3*t. Let h(a) = -7*a - 1. Let i be h(-2). Calculate the greatest common divisor of i and y.
13
Let i(d) = d**3 - 10*d**2 + 11. Let x be i(10). Calculate the greatest common divisor of 11 and x.
11
Let w(h) = 2*h**2 + 3*h + 12. Let x be w(5). What is the highest common factor of 7 and x?
7
Suppose -2*o + 3*s = -21, -4*s = -3*o - 0*s + 34. Let q = -194 + o. Let f = -59 - q. Calculate the highest common divisor of f and 13.
13
Suppose -3*d + 10 = -d. Let f(b) = b**3 - b - 1. Let y be f(d). Let r(i) = -i**2 - 8*i + 5. Let c be r(-6). Calculate the highest common factor of y and c.
17
Suppose 5*z - 5*u + 137 = 402, 4*z - 2*u - 210 = 0. Calculate the greatest common divisor of z and 13.
13
Let s be -7 + 10 - (1 - 11). Suppose o - 26 = -o. What is the highest common divisor of o and s?
13
Suppose -4*r - 3*u = 8, 3*r - r = -3*u + 2. Let i(z) = -z**2 - 5*z + 2. Let m be i(r). Let f = 4 - 2. What is the highest common factor of m and f?
2
Suppose t - 2*t = -2*j + 10, 5*j - 19 = t. Suppose -j*n + 125 = 2*n. Calculate the greatest common divisor of n and 5.
5
Let s = 142 - -12. What is the greatest common factor of 14 and s?
14
Let a(o) = 2*o + 6. Let y be a(-4). Let n be 6*y/(-4)*1. Calculate the highest common divisor of 9 and n.
3
Suppose 4*s = -0*s - 280. Let n = s - -102. Calculate the greatest common factor of n and 48.
16
Suppose -38*l = -35*l - 864. Calculate the greatest common divisor of l and 32.
32
Let k(i) = -i**3 - 9*i**2 - 5*i - 2. Let m be k(-9). Let q = m + -30. Let y = 116 - 64. Calculate the greatest common factor of y and q.
13
Let t be (-270)/(-33) + 2/(-11). What is the highest common factor of t and 1?
1
Let b be (-1155)/(-110)*(-6)/(-28)*24. Calculate the greatest common divisor of b and 18.
18
Suppose -6*z - 2 = -32. What is the greatest common divisor of z and 2?
1
Suppose 2*r - 1 = 3. Suppose -5*t + 210 = -r*t. Calculate the highest common factor of t and 14.
14
Suppose 11 = -3*m + 4*m. Calculate the greatest common factor of m and 55.
11
Let w(k) = k - 8. Let c(l) = l. Let q(p) = 3*c(p) - w(p). Let m be q(0). Let o = 35 + -15. What is the greatest common factor of m and o?
4
Let r be (-5)/((-10)/36) + -1. Let g = 291 - 105. Let w = -101 + g. Calculate the highest common divisor of r and w.
17
Let n(j) = -j + 8. Let q be n(-8). What is the greatest common factor of q and 176?
16
Let o(h) = 16*h**2 + 3. Let j be o(3). What is the greatest common factor of 21 and j?
21
Let c be (-25)/9 + (-8)/36. Let a be (1 + -4)*4/c. Suppose 0*v - 4*v + 232 = a*j, -230 = -4*j - 3*v. What is the highest common factor of 7 and j?
7
Let h = 61 + 136. Let x be (1 - 0/4) + h. Calculate the greatest common factor of x and 18.
18
Let o(y) = 6*y - 2. Let x be o(6). Let v be (9 + 2)*(x - 1). Suppose 0*m - 3*m + v = 0. What is the greatest common divisor of 11 and m?
11
Suppose -w - 21 = -0*w. Let k = 8 - w. Suppose 27 = p - k. What is the greatest common factor of 8 and p?
8
Let c = -24 - -69. Suppose 0 = 2*v + 4 - 2. Let m(o) = -6*o**3 - o**2. Let a be m(v). What is the greatest common divisor of a and c?
5
Let p(k) = -k**2 + 6*k - 4. Let q be p(4). Suppose -2*r + q = -18. Let m = 21 - r. What is the greatest common divisor of 30 and m?
10
Suppose -f - 32 = -138. Suppose 0 = -5*u - 5*c + 550, -u + 2*u = -3*c + f. Calculate the highest common factor of u and 14.
14
Suppose -4*v = -627 - 341. Calculate the greatest common factor of v and 22.
22
Let u = 20 + -9. Let n(a) = 3*a**2 - 4*a**2 + 2*a**2 - 10*a + 10. Let p be n(9). What is the greatest common divisor of p and u?
1
Let u be (-4)/12 - (-64)/3. Let a be 1 - ((-12)/18)/(1/9). Calculate the greatest common divisor of a and u.
7
Let k be ((-78)/(-18))/(2/6). What is the highest common divisor of k and 143?
13
Suppose -3*g = -4*g + 4. Let v be 81/15 + 2/(-5). Suppose -25 = -5*q + v*j, 9*q = g*q + 3*j + 31. What is the highest common factor of 64 and q?
8
Let d = 143 + 0. What is the greatest common factor of 13 and d?
13
Let s = 14 - 2. Calculate the highest common factor of s and 6.
6
Suppose 12 = x - 2*t - 16, -4*x - 5*t + 177 = 0. Calculate the highest common divisor of x and 19.
19
Suppose 5*w = -2*c + 670, -5*w - 4*c + 1071 = 391. Suppose -3*r = -4*r - 17. Let h = -5 - r. What is the greatest common divisor of w and h?
12
Let s = -8 + 53. Suppose 0 = 3*g + 4*l - 58, -5*g + 5*l + s = -40. Calculate the greatest common divisor of g and 90.
18
Suppose z - 5*z - 2*u = 14, -5*u = 4*z - 1. Let p = 15 - z. Let j(l) = -14*l - 7. Let t be j(-5). What is the highest common factor of t and p?
21
Let h = 10 + -3. Let l = -56 - -133. Calculate the greatest common divisor of l and h.
7
Suppose 0*r - 2*r = -40. What is the highest common factor of 30 and r?
10
Let p(a) = -a + 19. Let k be p(0). Suppose 0 = 3*r + 4*q - k, -3*q = -5*r - q - 3. Let o be ((-55)/10)/(r/(-2)). What is the highest common divisor of 22 and o?
11
Suppose 0 = -3*n - 5*r + 240, 3*n = -2*r + 4*r + 240. Let c = -12 - -14. Suppose n = -0*y + c*y. What is the highest common divisor of y and 5?
5
Let h(f) = -8*f - 1. Let g be h(-1). Calculate the highest common factor of 1 and g.
1
Suppose 0 = 3*z - 270 - 138. Suppose 0 = 5*v + 3*g - z, 3*v + 2*v = 5*g + 120. What is the highest common divisor of 13 and v?
13
Let p(a) = 15*a - 4. Let q be p(1). Suppose -25 = 4*v - 113. Calculate the greatest common factor of q and v.
11
Let x be 3*((-40)/(-6) + 1). Let w be 1/6 - (-213)/18. Let m = x - w. What is the greatest common factor of m and 99?
11
Let h = 42 + 40. Suppose -5*j - 423 - h = 0. Let r = 218 + j. Calculate the highest common divisor of 13 and r.
13
Let w = 26 - 10. Calculate the highest common divisor of w and 2.
2
Let h(b) = -17*b - 8. Suppose 5*a = 2*x - 38, -3*a + x = 2*a + 39. Let q be h(a). Calculate the highest common factor of q and 16.
16
Suppose 23*f + 64 = 27*f. Suppose -4*w - w + 400 = -2*x, -w + 80 = -3*x. What is the greatest common divisor of w and f?
16
Suppose -14 + 4 = -5*a. Suppose 7*g = a*g + 3*f + 34, 5*f = g + 2. Let u(m) = 3*m - 4. Let h be u(12). What is the highest common divisor of h and g